-1524
What is 327 (base 12) in base 16?
1cf
Convert 15606 (base 7) to base 5.
120131
1142 (base 6) to base 15
138
589 (base 13) to base 10
958
What is 2a4 (base 11) in base 9?
435
Convert -1112002 (base 3) to base 14.
-593
Convert -11110010110 (base 2) to base 8.
-3626
What is 20232232 (base 4) in base 9?
54041
What is 10100100000 (base 2) in base 13?
79c
Convert -5e7 (base 15) to base 16.
-53e
142312 (base 5) to base 16
1745
Convert -10110100 (base 2) to base 6.
-500
What is -653 (base 7) in base 4?
-11030
Convert 502 (base 11) to base 10.
607
Convert -c79d (base 14) to base 9.
-52215
-147 (base 15) to base 9
-354
What is 2bba (base 13) in base 10?
6406
What is 12842 (base 9) in base 5?
234310
Convert 92b (base 12) to base 8.
2463
23095 (base 11) to base 5
2032004
-10450 (base 6) to base 13
-891
What is 4436 (base 12) in base 3?
101022220
What is -21517 (base 10) in base 16?
-540d
6743 (base 9) to base 6
35020
What is 11176 (base 8) in base 6?
33530
What is -838 (base 10) in base 8?
-1506
Convert 38 (base 14) to base 9.
55
Convert 14321 (base 7) to base 16.
f5f
11575 (base 8) to base 12
2a79
Convert -521 (base 15) to base 11.
-961
Convert 430411 (base 5) to base 10.
14481
What is -73442 (base 8) in base 6?
-353110
Convert -18b9 (base 14) to base 13.
-2063
Convert -1048 (base 9) to base 10.
-773
What is -43b1 (base 13) in base 14?
-3623
Convert 13520 (base 6) to base 9.
2833
What is 12222212 (base 3) in base 4?
1010102
-110 (base 3) to base 2
-1100
-14d (base 16) to base 4
-11031
Convert -373 (base 10) to base 16.
-175
20840 (base 10) to base 7
114521
Convert -679a (base 11) to base 13.
-40bb
What is -34023 (base 5) in base 8?
-4524
What is -4567 (base 8) in base 6?
-15115
What is -234155 (base 7) in base 11?
-29845
What is -161 (base 7) in base 13?
-71
Convert 11210211 (base 3) to base 12.
2041
1100 (base 5) to base 10
150
What is 26 (base 7) in base 9?
22
Convert -1120011 (base 3) to base 12.
-7aa
What is 4316 (base 11) in base 15?
1a54
Convert -5612 (base 7) to base 10.
-2018
-140323 (base 6) to base 5
-404313
Convert 85b1 (base 15) to base 8.
67203
Convert -10441 (base 5) to base 9.
-1018
What is 1608 (base 13) in base 4?
302103
Convert 2038 (base 13) to base 14.
1893
What is 5eb (base 16) in base 5?
22030
What is -1045 (base 16) in base 12?
-24b1
What is 12003 (base 4) in base 9?
470
Convert -26505 (base 7) to base 10.
-7110
What is -261 (base 13) in base 7?
-1134
What is -1101001110010111 (base 2) in base 7?
-313631
126116 (base 7) to base 14
890d
What is 305145 (base 6) in base 16?
5f99
What is -111000101001 (base 2) in base 10?
-3625
Convert -10110001011 (base 2) to base 10.
-1419
-3022231 (base 4) to base 8
-31255
What is 2d7 (base 14) in base 16?
245
-5134 (base 12) to base 3
-110002211
What is -179 (base 14) in base 6?
-1223
What is 7516 (base 13) in base 3?
211021121
What is -111020 (base 3) in base 7?
-1020
Convert 9904 (base 10) to base 9.
14524
16c (base 15) to base 13
1c2
Convert -30c (base 14) to base 9.
-736
Convert -69 (base 10) to base 15.
-49
Convert -223320 (base 4) to base 11.
-2123
1ac1 (base 13) to base 4
333030
What is -10000211 (base 3) in base 7?
-6304
-113662 (base 7) to base 9
-31201
What is 8244 (base 9) in base 10?
6034
-101001011100010 (base 2) to base 13
-9872
What is -104144 (base 5) in base 8?
-7132
Convert d2a (base 14) to base 8.
5032
What is 7b (base 13) in base 11?
93
Convert 240 (base 10) to base 2.
11110000
Convert -20221 (base 4) to base 7.
-1420
Convert 1224 (base 6) to base 9.
367
Convert 201001 (base 4) to base 7.
6106
Convert 52245 (base 7) to base 6.
135210
Convert -122212201 (base 3) to base 8.
-31351
What is -919 (base 15) in base 9?
-2726
-11221122 (base 3) to base 4
-320120
-1400 (base 6) to base 3
-111100
Convert -226223 (base 7) to base 6.
-511525
Convert 2725 (base 9) to base 8.
4000
Convert -5530 (base 9) to base 14.
-16b3
Convert -11000010100 (base 2) to base 5.
-22211
What is -1533 (base 8) in base 16?
-35b
What is -425555 (base 6) in base 14?
-ca75
Convert c0ac (base 16) to base 5.
3034244
3201 (base 8) to base 4
122001
What is 3602 (base 10) in base 3?
11221102
What is -55 (base 16) in base 5?
-320
194 (base 14) to base 8
506
What is 3686 (base 10) in base 13?
18a7
-101100101011 (base 2) to base 9
-3826
Convert -5b2a (base 12) to base 2.
-10100000010010
11120210 (base 3) to base 2
110100001110
Convert 3221 (base 6) to base 10.
733
Convert 13310 (base 9) to base 7.
35145
-c47 (base 14) to base 10
-2415
44143 (base 6) to base 2
1011111011111
117 (base 9) to base 10
97
What is 189 (base 15) in base 2?
101100010
What is 100100010011 (base 2) in base 4?
210103
-11d26 (base 14) to base 15
-ce62
Convert 317 (base 12) to base 8.
703
Convert ab0 (base 12) to base 5.
22242
-3c87 (base 16) to base 7
-63114
Convert 23354 (base 12) to base 4.
23200300
1d94 (base 14) to base 16
152e
Convert 1 (base 10) to base 4.
1
1735 (base 13) to base 15
1034
8d18 (base 15) to base 5
1424243
-253235 (base 6) to base 16
-58f7
110000011001 (base 2) to base 16
c19
a65b (base 15) to base 9
53235
Convert -782 (base 10) to base 8.
-1416
471 (base 10) to base 9
573
What is -18774 (base 9) in base 13?
-5c11
-1254 (base 8) to base 15
-309
Convert -18 (base 10) to base 16.
-12
34203 (base 6) to base 5
123302
-210111200 (base 3) to base 4
-3310332
Convert 47b6 (base 15) to base 5.
441441
495 (base 12) to base 5
10224
Convert 2102 (base 4) to base 2.
10010010
What is -1133 (base 4) in base 16?
-5f
1020100001 (base 3) to base 2
101111011101101
Convert 11a62 (base 12) to base 5.
1231403
Convert -417 (base 8) to base 5.
-2041
Convert -8135 (base 11) to base 7.
-43336
Convert -1657 (base 12) to base 14.
-d7d
Convert -c90 (base 16) to base 2.
-110010010000
60226 (base 8) to base 4
12002112
What is eb4 (base 16) in base 11?
2912
What is 110110110 (base 2) in base 13?
279
Convert 11510 (base 6) to base 10.
1698
Convert -37a (base 12) to base 3.
-201111
Convert -1010000100011011 (base 2) to base 12.
-1ba4b
What is -1110111101100 (base 2) in base 14?
-2b12
What is 3222 (base 4) in base 15?
109
66747 (base 8) to base 15
850a
What is 1341 (base 6) in base 14?
1ad
Convert -2994 (base 16) to base 10.
-10644
Convert -5077 (base 10) to base 2.
-1001111010101
-1867 (base 10) to base 16
-74b
What is -1363 (base 7) in base 3?
-201211
341 (base 14) to base 15
2d0
Convert -61726 (base 8) to base 10.
-25558
What is -13b (base 14) in base 8?
-371
Convert 143542 (base 6) to base 2.
11010111110110
What is -1111 (base 3) in base 12?
-34
Convert 37031 (base 8) to base 11.
10a42
Convert -212a7 (base 11) to base 4.
-13203330
What is 100011100110 (base 2) in base 16?
8e6
Convert -21d (base 14) to base 16.
-1a3
110011010100111 (base 2) to base 9
40038
-332021 (base 4) to base 5
-111402
Convert 9c (base 14) to base 11.
116
What is -2514 (base 8) in base 14?
-6cc
What is -364f (base 16) in base 5?
-421103
-4642 (base 8) to base 11
-1942
Convert 1368 (base 9) to base 16.
40a
What is -21587 (base 10) in base 8?
-52123
What is 24863 (base 13) in base 12?
32b7b
What is -1599 (base 12) in base 2?
-101000000101
Convert -10110100 (base 2) to base 9.
-220
What is -50 (base 15) in base 11?
-69
241243 (base 5) to base 7
35042
-4604 (base 9) to base 14
-1354
-119a1 (base 11) to base 5
-1022142
Convert -ebc (base 15) to base 11.
-2555
-116b (base 12) to base 11
-1518
-7476 (base 10) to base 8
-16464
4210 (base 5) to base 3
202120
Convert -5780 (base 9) to base 13.
-1c47
111101111 (base 2) to base 3
200100
What is 247333 (base 8) in base 7?
504631
1504 (base 7) to base 14
304
11100000010010 (base 2) to base 10
14354
What is -120202 (base 3) in base 10?
-425
153 (base 8) to base 7
212
7553 (base 9) to base 8
12664
What is 602 (base 13) in base 16?
3f8
-68 (base 13) to base 10
-86
Convert 198b (base 16) to base 8.
14613
Convert 14a9 (base 13) to base 3.
11010120
-123 (base 14) to base 10
-227
Convert -73c (base 14) to base 5.
-21201
-cb7a (base 13) to base 6
-335044
What is -14012 (base 5) in base 7?
-3205
207 (base 10) to base 4
3033
Convert 4439 (base 10) to base 16.
1157
What is 286 (base 11) in base 14?
1a0
What is -449 (base 16) in base 9?
-1448
7ab1 (base 15) to base 8
62671
What is -11100 (base 4) in base 8?
-520
-1222210 (base 3) to base 15
-66c
Convert -54